)/2 + v/(-10).
2, 13
Let p be (14 - 0/4) + (-9)/(-3). Suppose -21 = -j - 4*g, 10*g = -j + 7*g + p. Suppose 4*t - 728 = -u, -j*t - 2*u + 5*u = -893. List the prime factors of t.
181
Suppose t + 2*v - 4630 = -1252, 3*t = 4*v + 10094. What are the prime factors of t?
2, 5, 337
Let i(h) = 13*h**3 + 8*h**2 - 5*h + 10. Let s be i(4). Suppose 4*y = 2*a - s, -y = 4*a + 816 - 2716. What are the prime factors of a?
5, 19
Suppose 2*l = p + 421, 5*l - p - 641 = 407. Let u = l + 352. What are the prime factors of u?
3, 11, 17
Let l = -12433 - -33351. What are the prime factors of l?
2, 10459
List the prime factors of 41229/3 - (68/(-170))/(5/25).
5, 2749
Let m = -54 - -64. Let z be (-10)/(-50) - (2 + 4732/m). Let c = -339 - z. What are the prime factors of c?
2, 17
Suppose -5*w + 2*w - 7*v + 122884 = 0, -4*w = -3*v - 163944. What are the prime factors of w?
2, 3, 5, 683
Let a be (-4975)/(-20) - (-6)/(-8). Suppose 0 = -g - 4*h + a, 224 = g - 3*h + 11. Let q = g + -151. What are the prime factors of q?
7, 11
Let g(w) = -2*w + 6. Let m be g(6). Let n(i) = -i**3 + i**2 - 8*i - 8. What are the prime factors of n(m)?
2, 73
What are the prime factors of (2/4)/((-41)/(-1599492))?
2, 3, 3251
Suppose 1213 = s - 7*o - 4336, s = -3*o + 5589. List the prime factors of s.
3, 11, 13
Let a = 20781 - 237. What are the prime factors of a?
2, 3, 107
What are the prime factors of (-938)/(5/10*(0 - 1))?
2, 7, 67
Let a = -7438 - -14890. List the prime factors of a.
2, 3, 23
Suppose -5*j + 41*u + 10160 = 43*u, -4*u = -2*j + 4040. What are the prime factors of j?
2, 5, 7, 29
Suppose -2*m = 4*g - 6*m + 24, 3*g = -m - 2. List the prime factors of (3/(g - 1))/((-25)/14375).
5, 23
Suppose 0 = -418*u + 420*u - 15396. What are the prime factors of u?
2, 3, 1283
Let c = -7 + 54. Suppose 0 = 5*s - c - 33. What are the prime factors of ((-56)/s)/((-2)/52)?
7, 13
Let u(o) = 2*o**2 - 12*o + 4. Let h = -31 - -37. Let v be u(h). Suppose -v*r + 608 = 4*r. What are the prime factors of r?
2, 19
Suppose 12*g - 5 = 7*g. What are the prime factors of g*(-5)/5 + 722?
7, 103
Suppose -8*t + 34 = -158. Let k be (t/(-20))/(4/10). List the prime factors of (4/k)/((-16)/984).
2, 41
Suppose 0 = g + 2 - 1. Let j be (3 + -2)/(g/(-2)). Suppose j*x + 2*x = 72. What are the prime factors of x?
2, 3
Let x be 16/20 + (-16)/20. Suppose -5*g + 2*r - 149 + 388 = x, 3*r = -g + 41. What are the prime factors of g?
47
Let v(u) = 14*u - 247. Let o be v(28). List the prime factors of 15/(-5 - (2920/o)/(-4)).
3, 5, 29
Suppose 27625 - 83068 = 4*m - 291015. What are the prime factors of m?
3, 67, 293
Suppose 5*g - 3*i = 84187, 3*g - 60188 = 3*i - 9677. What are the prime factors of g?
2, 8419
Let l(w) = -w**3 + 4*w**2 - 2*w + 2. Let r be l(3). Suppose r*i = 6*i - 2. Suppose -i*k - k = -21. List the prime factors of k.
7
Let x = -11445 + 26725. What are the prime factors of x?
2, 5, 191
Let i = -263 - -309. Let g = 185 - i. List the prime factors of g.
139
Let g(i) = 9*i - 15. Let f be g(2). Let z(n) = 5*n**3 + 10. What are the prime factors of z(f)?
5, 29
Suppose 32 = -5*b + 13*b. Suppose 0*j + j = b. Suppose 0*n + j*n + x = 337, -5*n - x + 420 = 0. List the prime factors of n.
83
Let i(f) be the first derivative of -4*f + 1/2*f**2 + 7/3*f**3 - 10. What are the prime factors of i(-4)?
2, 13
Let y(n) = -2*n + 30. Let m be y(-5). Suppose -h = -9*h - m. Let g = 13 + h. What are the prime factors of g?
2
Suppose -4 = -6*u - 16. Let q(g) = -101*g - 57. What are the prime factors of q(u)?
5, 29
Let s(q) = 7*q**2 + 178*q + 199. What are the prime factors of s(-42)?
11, 461
Suppose -3*i - 5778 + 987 = 0. Let k = -797 - i. What are the prime factors of k?
2, 5
Let g(d) = d**3 + 24*d**2 - 30*d + 7. List the prime factors of g(19).
2, 5, 11, 17
Suppose -2461 = -5*u + 2*m, -1955 = -8*u + 4*u - 3*m. Let d = u + -455. What are the prime factors of d?
2, 3
Let j be 15/25 + (-66)/(-15). Suppose 4*r - 3*x - 476 = 1368, -5*r + 2270 = j*x. What are the prime factors of r?
2, 229
Suppose 5*t - 2*a + 21 = 2*t, -4*t - 3*a = 45. Let v be (-1023)/27 - (-1)/t. Let p = 85 + v. List the prime factors of p.
47
What are the prime factors of (-57447)/(-65) - 2/(-10)?
2, 13, 17
Suppose 22 = -9*q + 391. Suppose -43*y = -44*y + q. Let r = 55 - y. What are the prime factors of r?
2, 7
Let k be (-5)/25 - 273/(-15). Suppose -11*m = -k*m + 105. Let y = 13 + m. List the prime factors of y.
2, 7
Let z be (2 - -1 - 0)*(-25)/3. What are the prime factors of 0/2 - (z + -82)?
107
Let z = 1663 - -1855. Suppose -4*i + b - 1752 = -6*i, z = 4*i - 5*b. List the prime factors of i.
877
What are the prime factors of 2 - 5 - (32/(-16) - 3) - -80726?
2, 10091
Let a(p) = -9*p + 21. Let v be a(9). Let o be (3*7)/(v/(-400)). Let i = o - 70. What are the prime factors of i?
2, 5, 7
Let n(g) = -2*g**3 - 5*g**2 + 7*g - 5. Let b be n(-6). Suppose 3*l - 2*t - b = -64, -4*t = 0. What are the prime factors of l?
47
Let j = 14517 + -3021. Suppose 16*p - j = -3576. What are the prime factors of p?
3, 5, 11
Suppose -2*m - 1500*o = -1497*o - 12741, 4*m - 25471 = 5*o. What are the prime factors of m?
3, 11, 193
Let a = -15 + 15. Let k be a + (-4 - (-8 + 2)). List the prime factors of k/4 - 187/(-2).
2, 47
List the prime factors of 51134/(-5)*((-13)/3 - (-38)/(-57)).
2, 37, 691
Let i be -6*(6314/(-21) + 0). Let k = i + -685. List the prime factors of k.
3, 373
Suppose -3*z + 2088 = -2*b, 80*b = -4*z + 78*b + 2770. Let o = z - 209. List the prime factors of o.
5, 97
Suppose 9*x = -67 - 122. Let y(w) = -42*w + 100. What are the prime factors of y(x)?
2, 491
Suppose 4*q + 6 = -2*q. List the prime factors of ((-2)/(-4) - q)*(-7106)/(-33).
17, 19
Suppose -5*p + 3*t = -95, -4*p + t = -3*p - 21. Let c = p - -91. What are the prime factors of c?
107
Suppose 0 = -2*w + 6864 + 9730. What are the prime factors of w?
8297
Suppose 106 = -4*g + 18. Let p = g + -399. Let t = -215 - p. What are the prime factors of t?
2, 103
Suppose 60*m = 57*m + 3*s + 37521, 0 = 5*m - s - 62519. What are the prime factors of m?
12503
Let q(b) = b + 1. Suppose 5*t - 2*t + 4*c = 39, 0 = 3*t + 5*c - 42. Let z be q(t). Let x = z + 22. List the prime factors of x.
2
Suppose -2*r + 4*y = -16280, -317*r = -318*r + 5*y + 8161. What are the prime factors of r?
2, 17, 239
Let u be -33000 + 7 + (-2 - -5). What are the prime factors of u/(-55) - 4/(-22)?
2, 3, 5
Let s(q) = -2*q**3 + 8*q**2 - 3*q - 15. Let o be s(7). Suppose 0 = 4*l - l + 3*z + 507, 2*l - 5*z + 310 = 0. Let a = l - o. What are the prime factors of a?
3, 5, 11
Let z = -562 - -1017. List the prime factors of (3276/z)/((3 - 2)/60).
2, 3
Suppose 2*m = 4*t - 24668, -13*t - m + 12326 = -11*t. What are the prime factors of t?
3, 5, 137
Suppose 0 = -3*s - 15, -40*k + 37*k + 6*s = -3522. List the prime factors of k.
2, 3, 97
Let b be 185/35 + (-2)/7. Suppose -31 = b*j + 4*a, 3*a - 1 = 3*j - 4. What are the prime factors of ((-123)/j - 3)*2?
2, 19
Let j be ((-8)/5)/((-52)/65). Suppose d = -5*y + 4399, -2*d = j*y + 3*d - 1755. What are the prime factors of y?
2, 5, 11
Let s = 4805 + -1966. List the prime factors of s.
17, 167
Let d be 58/(-14) - (-2 - 52/(-28)). Let r be d/(-18)*-6*(-2 + -1). Suppose 5*z = x - 33, r*x - 4*z - 235 = -39. What are the prime factors of x?
53
Suppose -251*x + 240*x = -49742. What are the prime factors of x?
2, 7, 17, 19
Suppose 4*w + 2*i + 106 = 0, i + 28 = -4*w + 3*w. Let u = w + 89. Suppose 843 = -u*l + 67*l. List the prime factors of l.
281
What are the prime factors of ((-56181)/(-15) - -1) + (-489)/(-815)?
3, 1249
Let d(c) = 2*c - 25. Let b be d(16). Let m(n) = 123*n + 22. List the prime factors of m(b).
883
Suppose 0 = -5*a + 5*j + 40, j - 2 - 6 = -3*a. Suppose -2*y - 146 = -a*y. What are the prime factors of y?
73
List the prime factors of ((-420)/(-12))/5 - -1616.
3, 541
Let k(t) = 3*t**3 - t - 908. Let q(n) = -4*n**3 + n**2 + 909. Let u(b) = -3*k(b) - 2*q(b). What are the prime factors of u(0)?
2, 3, 151
Let h = 21 + -18. Suppose 0 = 3*a, -l + 87 = h*a - 2*a. Let u = 16 + l. List the prime factors of u.
103
Let k(b) = b**3 + 3*b**2 - 2*b + 1. Let a be k(3). Let c = a + -45. List the prime factors of (0 + 3 - 70/c)*-2.
29
Let c(n) = -4*n. Let f(o) = o**2 - 3*o + 5. Let y be f(0). Let k(b) = -7*b - 1. Let x(z) = y*c(z) - 3*k(z). What ar